{"id":713,"date":"2014-10-19T13:41:28","date_gmt":"2014-10-19T19:41:28","guid":{"rendered":"http:\/\/codemar.net\/podcast\/?page_id=713"},"modified":"2014-10-19T13:41:28","modified_gmt":"2014-10-19T19:41:28","slug":"evangelio-del-29o-domingo-ordinario","status":"publish","type":"page","link":"https:\/\/codemar.net\/podcast\/evangelio-del-29o-domingo-ordinario\/","title":{"rendered":"Evangelio del 29\u00ba Domingo Ordinario"},"content":{"rendered":"<p><b>Evangelio seg\u00fan San Mateo <span dir=\"ltr\">22,15-21.<\/span> <\/b><\/p>\n<p>Los fariseos se reunieron entonces para sorprender a Jes\u00fas en alguna de sus afirmaciones.<br \/>\nY le enviaron a varios disc\u00edpulos con unos herodianos, para decirle: &#8220;Maestro, sabemos que eres sincero y que ense\u00f1as con toda fidelidad el camino de Dios, sin tener en cuenta la condici\u00f3n de las personas, porque t\u00fa no te fijas en la categor\u00eda de nadie.<br \/>\nDinos qu\u00e9 te parece: \u00bfEst\u00e1 permitido pagar el impuesto al C\u00e9sar o no?&#8221;.<br \/>\nPero Jes\u00fas, conociendo su malicia, les dijo: &#8220;Hip\u00f3critas, \u00bfpor qu\u00e9 me tienden una trampa?<br \/>\nMu\u00e9strenme la moneda con que pagan el impuesto&#8221;. Ellos le presentaron un denario.<br \/>\nY \u00e9l les pregunt\u00f3: &#8220;\u00bfDe qui\u00e9n es esta figura y esta inscripci\u00f3n?&#8221;.<br \/>\nLe respondieron: &#8220;Del C\u00e9sar&#8221;. Jes\u00fas les dijo: &#8220;Den al C\u00e9sar lo que es del C\u00e9sar, y a Dios, lo que es de Dios&#8221;.<\/p>\n<p><strong>Palabra del Se\u00f1or.<\/strong><\/p>\n<p>&nbsp;<\/p>\n","protected":false},"excerpt":{"rendered":"<p>Evangelio seg\u00fan San Mateo 22,15-21. Los fariseos se reunieron entonces para sorprender a Jes\u00fas en alguna de sus afirmaciones. Y le enviaron<span class=\"more-button\"><a href=\"https:\/\/codemar.net\/podcast\/evangelio-del-29o-domingo-ordinario\/\" class=\"more-link\">Continuar lectura<span class=\"screen-reader-text\">Evangelio del 29\u00ba Domingo Ordinario<\/span><\/a><\/span><\/p>\n","protected":false},"author":1,"featured_media":0,"parent":0,"menu_order":0,"comment_status":"open","ping_status":"open","template":"","meta":{"episode_type":"","audio_file":"","podmotor_file_id":"","podmotor_episode_id":"","cover_image":"","cover_image_id":"","duration":"","filesize":"","filesize_raw":"","date_recorded":"","explicit":"","block":"","itunes_episode_number":"","itunes_title":"","itunes_season_number":"","itunes_episode_type":"","jetpack_post_was_ever_published":false,"footnotes":""},"class_list":["post-713","page","type-page","status-publish","hentry"],"jetpack_shortlink":"https:\/\/wp.me\/P4bNxE-bv","jetpack_sharing_enabled":true,"_links":{"self":[{"href":"https:\/\/codemar.net\/podcast\/wp-json\/wp\/v2\/pages\/713","targetHints":{"allow":["GET"]}}],"collection":[{"href":"https:\/\/codemar.net\/podcast\/wp-json\/wp\/v2\/pages"}],"about":[{"href":"https:\/\/codemar.net\/podcast\/wp-json\/wp\/v2\/types\/page"}],"author":[{"embeddable":true,"href":"https:\/\/codemar.net\/podcast\/wp-json\/wp\/v2\/users\/1"}],"replies":[{"embeddable":true,"href":"https:\/\/codemar.net\/podcast\/wp-json\/wp\/v2\/comments?post=713"}],"version-history":[{"count":1,"href":"https:\/\/codemar.net\/podcast\/wp-json\/wp\/v2\/pages\/713\/revisions"}],"predecessor-version":[{"id":714,"href":"https:\/\/codemar.net\/podcast\/wp-json\/wp\/v2\/pages\/713\/revisions\/714"}],"wp:attachment":[{"href":"https:\/\/codemar.net\/podcast\/wp-json\/wp\/v2\/media?parent=713"}],"curies":[{"name":"wp","href":"https:\/\/api.w.org\/{rel}","templated":true}]}}