{"id":684,"date":"2014-10-19T10:16:41","date_gmt":"2014-10-19T16:16:41","guid":{"rendered":"http:\/\/codemar.net\/podcast\/?page_id=684"},"modified":"2014-10-19T10:16:41","modified_gmt":"2014-10-19T16:16:41","slug":"evangelio-del-25o-domingo-ordinario","status":"publish","type":"page","link":"https:\/\/codemar.net\/podcast\/evangelio-del-25o-domingo-ordinario\/","title":{"rendered":"Evangelio del 25\u00ba Domingo Ordinario"},"content":{"rendered":"<p><b>Evangelio seg\u00fan San Mateo <span dir=\"ltr\">19,30.20,1-16<\/span><\/b><\/p>\n<p>Jes\u00fas dijo a sus disc\u00edpulos: \u00abMuchos de los primeros ser\u00e1n los \u00faltimos, y muchos de los \u00faltimos ser\u00e1n los primeros.<br \/>\nporque el Reino de los Cielos se parece a un propietario que sali\u00f3 muy de madrugada a contratar obreros para trabajar en su vi\u00f1a.<br \/>\nTrat\u00f3 con ellos un denario por d\u00eda y los env\u00edo a su vi\u00f1a.<br \/>\nVolvi\u00f3 a salir a media ma\u00f1ana y, al ver a otros desocupados en la plaza,<br \/>\nles dijo: &#8216;Vayan ustedes tambi\u00e9n a mi vi\u00f1a y les pagar\u00e9 lo que sea justo&#8217;.<br \/>\nY ellos fueron. Volvi\u00f3 a salir al mediod\u00eda y a media tarde, e hizo lo mismo.<br \/>\nAl caer la tarde sali\u00f3 de nuevo y, encontrando todav\u00eda a otros, les dijo: &#8216;\u00bfC\u00f3mo se han quedado todo el d\u00eda aqu\u00ed, sin hacer nada?&#8217;.<br \/>\nEllos les respondieron: &#8216;Nadie nos ha contratado&#8217;. Entonces les dijo: &#8216;Vayan tambi\u00e9n ustedes a mi vi\u00f1a&#8217;.<br \/>\nAl terminar el d\u00eda, el propietario llam\u00f3 a su mayordomo y le dijo: &#8216;Llama a los obreros y p\u00e1gales el jornal, comenzando por los \u00faltimos y terminando por los primeros&#8217;.<br \/>\nFueron entonces los que hab\u00edan llegado al caer la tarde y recibieron cada uno un denario.<br \/>\nLlegaron despu\u00e9s los primeros, creyendo que iban a recibir algo m\u00e1s, pero recibieron igualmente un denario.<br \/>\nY al recibirlo, protestaban contra el propietario,<br \/>\ndiciendo: &#8216;Estos \u00faltimos trabajaron nada m\u00e1s que una hora, y t\u00fa les das lo mismo que a nosotros, que hemos soportado el peso del trabajo y el calor durante toda la jornada&#8217;.<br \/>\nEl propietario respondi\u00f3 a uno de ellos: &#8216;Amigo, no soy injusto contigo, \u00bfacaso no hab\u00edamos tratado en un denario?<br \/>\nToma lo que es tuyo y vete. Quiero dar a este que llega \u00faltimo lo mismo que a ti.<br \/>\n\u00bfNo tengo derecho a disponer de mis bienes como me parece? \u00bfPor qu\u00e9 tomas a mal que yo sea bueno?&#8217;.<br \/>\nAs\u00ed, los \u00faltimos ser\u00e1n los primeros y los primeros ser\u00e1n los \u00faltimos\u00bb.<\/p>\n<p><strong>Palabra de Dios<\/strong><\/p>\n","protected":false},"excerpt":{"rendered":"<p>Evangelio seg\u00fan San Mateo 19,30.20,1-16 Jes\u00fas dijo a sus disc\u00edpulos: \u00abMuchos de los primeros ser\u00e1n los \u00faltimos, y muchos de los \u00faltimos<span class=\"more-button\"><a href=\"https:\/\/codemar.net\/podcast\/evangelio-del-25o-domingo-ordinario\/\" class=\"more-link\">Continuar lectura<span class=\"screen-reader-text\">Evangelio del 25\u00ba Domingo Ordinario<\/span><\/a><\/span><\/p>\n","protected":false},"author":1,"featured_media":0,"parent":0,"menu_order":0,"comment_status":"open","ping_status":"open","template":"","meta":{"episode_type":"","audio_file":"","podmotor_file_id":"","podmotor_episode_id":"","cover_image":"","cover_image_id":"","duration":"","filesize":"","filesize_raw":"","date_recorded":"","explicit":"","block":"","itunes_episode_number":"","itunes_title":"","itunes_season_number":"","itunes_episode_type":"","jetpack_post_was_ever_published":false,"footnotes":""},"class_list":["post-684","page","type-page","status-publish","hentry"],"jetpack_shortlink":"https:\/\/wp.me\/P4bNxE-b2","jetpack_sharing_enabled":true,"_links":{"self":[{"href":"https:\/\/codemar.net\/podcast\/wp-json\/wp\/v2\/pages\/684","targetHints":{"allow":["GET"]}}],"collection":[{"href":"https:\/\/codemar.net\/podcast\/wp-json\/wp\/v2\/pages"}],"about":[{"href":"https:\/\/codemar.net\/podcast\/wp-json\/wp\/v2\/types\/page"}],"author":[{"embeddable":true,"href":"https:\/\/codemar.net\/podcast\/wp-json\/wp\/v2\/users\/1"}],"replies":[{"embeddable":true,"href":"https:\/\/codemar.net\/podcast\/wp-json\/wp\/v2\/comments?post=684"}],"version-history":[{"count":1,"href":"https:\/\/codemar.net\/podcast\/wp-json\/wp\/v2\/pages\/684\/revisions"}],"predecessor-version":[{"id":685,"href":"https:\/\/codemar.net\/podcast\/wp-json\/wp\/v2\/pages\/684\/revisions\/685"}],"wp:attachment":[{"href":"https:\/\/codemar.net\/podcast\/wp-json\/wp\/v2\/media?parent=684"}],"curies":[{"name":"wp","href":"https:\/\/api.w.org\/{rel}","templated":true}]}}