{"id":674,"date":"2014-10-19T09:37:14","date_gmt":"2014-10-19T15:37:14","guid":{"rendered":"http:\/\/codemar.net\/podcast\/?page_id=674"},"modified":"2014-10-19T09:37:14","modified_gmt":"2014-10-19T15:37:14","slug":"evangelio-del-23o-domingo-ordinario","status":"publish","type":"page","link":"https:\/\/codemar.net\/podcast\/evangelio-del-23o-domingo-ordinario\/","title":{"rendered":"Evangelio del 23\u00ba Domingo Ordinario"},"content":{"rendered":"<p><b>Evangelio seg\u00fan San Mateo <span dir=\"ltr\">18,15-20<\/span><\/b><\/p>\n<p>Jes\u00fas dijo a sus disc\u00edpulos:<br \/>\nSi tu hermano peca, ve y corr\u00edgelo en privado. Si te escucha, habr\u00e1s ganado a tu hermano.<br \/>\nSi no te escucha, busca una o dos personas m\u00e1s, para que el asunto se decida por la declaraci\u00f3n de dos o tres testigos.<br \/>\nSi se niega a hacerles caso, dilo a la comunidad. Y si tampoco quiere escuchar a la comunidad, consid\u00e9ralo como pagano o publicano.<br \/>\nLes aseguro que todo lo que ustedes aten en la tierra, quedar\u00e1 atado en el cielo, y lo que desaten en la tierra, quedar\u00e1 desatado en el cielo.<br \/>\nTambi\u00e9n les aseguro que si dos de ustedes se unen en la tierra para pedir algo, mi Padre que est\u00e1 en el cielo se lo conceder\u00e1.<br \/>\nPorque donde hay dos o tres reunidos en mi Nombre, yo estoy presente en medio de ellos.<\/p>\n<p><strong>Palabra de Dios<\/strong><\/p>\n<p>&nbsp;<\/p>\n","protected":false},"excerpt":{"rendered":"<p>Evangelio seg\u00fan San Mateo 18,15-20 Jes\u00fas dijo a sus disc\u00edpulos: Si tu hermano peca, ve y corr\u00edgelo en privado. Si te escucha,<span class=\"more-button\"><a href=\"https:\/\/codemar.net\/podcast\/evangelio-del-23o-domingo-ordinario\/\" class=\"more-link\">Continuar lectura<span class=\"screen-reader-text\">Evangelio del 23\u00ba Domingo Ordinario<\/span><\/a><\/span><\/p>\n","protected":false},"author":1,"featured_media":0,"parent":0,"menu_order":0,"comment_status":"open","ping_status":"open","template":"","meta":{"episode_type":"","audio_file":"","podmotor_file_id":"","podmotor_episode_id":"","cover_image":"","cover_image_id":"","duration":"","filesize":"","filesize_raw":"","date_recorded":"","explicit":"","block":"","itunes_episode_number":"","itunes_title":"","itunes_season_number":"","itunes_episode_type":"","jetpack_post_was_ever_published":false,"footnotes":""},"class_list":["post-674","page","type-page","status-publish","hentry"],"jetpack_shortlink":"https:\/\/wp.me\/P4bNxE-aS","jetpack_sharing_enabled":true,"_links":{"self":[{"href":"https:\/\/codemar.net\/podcast\/wp-json\/wp\/v2\/pages\/674","targetHints":{"allow":["GET"]}}],"collection":[{"href":"https:\/\/codemar.net\/podcast\/wp-json\/wp\/v2\/pages"}],"about":[{"href":"https:\/\/codemar.net\/podcast\/wp-json\/wp\/v2\/types\/page"}],"author":[{"embeddable":true,"href":"https:\/\/codemar.net\/podcast\/wp-json\/wp\/v2\/users\/1"}],"replies":[{"embeddable":true,"href":"https:\/\/codemar.net\/podcast\/wp-json\/wp\/v2\/comments?post=674"}],"version-history":[{"count":2,"href":"https:\/\/codemar.net\/podcast\/wp-json\/wp\/v2\/pages\/674\/revisions"}],"predecessor-version":[{"id":676,"href":"https:\/\/codemar.net\/podcast\/wp-json\/wp\/v2\/pages\/674\/revisions\/676"}],"wp:attachment":[{"href":"https:\/\/codemar.net\/podcast\/wp-json\/wp\/v2\/media?parent=674"}],"curies":[{"name":"wp","href":"https:\/\/api.w.org\/{rel}","templated":true}]}}