{"id":654,"date":"2014-10-19T09:27:59","date_gmt":"2014-10-19T15:27:59","guid":{"rendered":"http:\/\/codemar.net\/podcast\/?page_id=654"},"modified":"2014-10-19T09:27:59","modified_gmt":"2014-10-19T15:27:59","slug":"evangelio-del-22o-domingo-ordinario","status":"publish","type":"page","link":"https:\/\/codemar.net\/podcast\/evangelio-del-22o-domingo-ordinario\/","title":{"rendered":"Evangelio del 22\u00ba Domingo Ordinario"},"content":{"rendered":"<p><b>Evangelio seg\u00fan San Mateo <span dir=\"ltr\">16,21-27<\/span><\/b><\/p>\n<p>Desde aquel d\u00eda, Jes\u00fas comenz\u00f3 a anunciar a sus disc\u00edpulos que deb\u00eda ir a Jerusal\u00e9n, y sufrir mucho de parte de los ancianos, de los sumos sacerdotes y de los escribas; que deb\u00eda ser condenado a muerte y resucitar al tercer d\u00eda.<br \/>\nPedro lo llev\u00f3 aparte y comenz\u00f3 a reprenderlo, diciendo: &#8220;Dios no lo permita, Se\u00f1or, eso no suceder\u00e1&#8221;.<br \/>\nPero \u00e9l, d\u00e1ndose vuelta, dijo a Pedro: &#8220;\u00a1Ret\u00edrate, ve detr\u00e1s de m\u00ed, Satan\u00e1s! T\u00fa eres para m\u00ed un obst\u00e1culo, porque tus pensamientos no son los de Dios, sino los de los hombres&#8221;.<br \/>\nEntonces Jes\u00fas dijo a sus disc\u00edpulos: &#8220;El que quiera venir detr\u00e1s de m\u00ed, que renuncie a s\u00ed mismo, que cargue con su cruz y me siga.<br \/>\nPorque el que quiera salvar su vida, la perder\u00e1; y el que pierda su vida a causa de m\u00ed, la encontrar\u00e1.<br \/>\n\u00bfDe qu\u00e9 le servir\u00e1 al hombre ganar el mundo entero si pierde su vida? \u00bfY qu\u00e9 podr\u00e1 dar el hombre a cambio de su vida?<br \/>\nPorque el Hijo del hombre vendr\u00e1 en la gloria de su Padre, rodeado de sus \u00e1ngeles, y entonces pagar\u00e1 a cada uno de acuerdo con sus obras.<\/p>\n<p><strong>Palabra de Dios<\/strong><\/p>\n","protected":false},"excerpt":{"rendered":"<p>Evangelio seg\u00fan San Mateo 16,21-27 Desde aquel d\u00eda, Jes\u00fas comenz\u00f3 a anunciar a sus disc\u00edpulos que deb\u00eda ir a Jerusal\u00e9n, y sufrir<span class=\"more-button\"><a href=\"https:\/\/codemar.net\/podcast\/evangelio-del-22o-domingo-ordinario\/\" class=\"more-link\">Continuar lectura<span class=\"screen-reader-text\">Evangelio del 22\u00ba Domingo Ordinario<\/span><\/a><\/span><\/p>\n","protected":false},"author":1,"featured_media":0,"parent":0,"menu_order":0,"comment_status":"open","ping_status":"open","template":"","meta":{"episode_type":"","audio_file":"","podmotor_file_id":"","podmotor_episode_id":"","cover_image":"","cover_image_id":"","duration":"","filesize":"","filesize_raw":"","date_recorded":"","explicit":"","block":"","itunes_episode_number":"","itunes_title":"","itunes_season_number":"","itunes_episode_type":"","jetpack_post_was_ever_published":false,"footnotes":""},"class_list":["post-654","page","type-page","status-publish","hentry"],"jetpack_shortlink":"https:\/\/wp.me\/P4bNxE-ay","jetpack_sharing_enabled":true,"_links":{"self":[{"href":"https:\/\/codemar.net\/podcast\/wp-json\/wp\/v2\/pages\/654","targetHints":{"allow":["GET"]}}],"collection":[{"href":"https:\/\/codemar.net\/podcast\/wp-json\/wp\/v2\/pages"}],"about":[{"href":"https:\/\/codemar.net\/podcast\/wp-json\/wp\/v2\/types\/page"}],"author":[{"embeddable":true,"href":"https:\/\/codemar.net\/podcast\/wp-json\/wp\/v2\/users\/1"}],"replies":[{"embeddable":true,"href":"https:\/\/codemar.net\/podcast\/wp-json\/wp\/v2\/comments?post=654"}],"version-history":[{"count":3,"href":"https:\/\/codemar.net\/podcast\/wp-json\/wp\/v2\/pages\/654\/revisions"}],"predecessor-version":[{"id":669,"href":"https:\/\/codemar.net\/podcast\/wp-json\/wp\/v2\/pages\/654\/revisions\/669"}],"wp:attachment":[{"href":"https:\/\/codemar.net\/podcast\/wp-json\/wp\/v2\/media?parent=654"}],"curies":[{"name":"wp","href":"https:\/\/api.w.org\/{rel}","templated":true}]}}

Evangelio del 22º Domingo Ordinario

<p><b>Evangelio según San Mateo <span dir="ltr">16,21-27</span></b></p>
<p>Desde aquel día, Jesús comenzó a anunciar a sus discípulos que debía ir a Jerusalén, y sufrir mucho de parte de los ancianos, de los sumos sacerdotes y de los escribas; que debía ser condenado a muerte y resucitar al tercer día.<br />
Pedro lo llevó aparte y comenzó a reprenderlo, diciendo: &#8220;Dios no lo permita, Señor, eso no sucederá&#8221;.<br />
Pero él, dándose vuelta, dijo a Pedro: &#8220;¡Retírate, ve detrás de mí, Satanás! Tú eres para mí un obstáculo, porque tus pensamientos no son los de Dios, sino los de los hombres&#8221;.<br />
Entonces Jesús dijo a sus discípulos: &#8220;El que quiera venir detrás de mí, que renuncie a sí mismo, que cargue con su cruz y me siga.<br />
Porque el que quiera salvar su vida, la perderá; y el que pierda su vida a causa de mí, la encontrará.<br />
¿De qué le servirá al hombre ganar el mundo entero si pierde su vida? ¿Y qué podrá dar el hombre a cambio de su vida?<br />
Porque el Hijo del hombre vendrá en la gloria de su Padre, rodeado de sus ángeles, y entonces pagará a cada uno de acuerdo con sus obras.</p>
<p><strong>Palabra de Dios</strong></p>

<p>Evangelio según San Mateo 16,21-27 Desde aquel día, Jesús comenzó a anunciar a sus discípulos que debía ir a Jerusalén, y sufrir<span class="more-button"><a href="https://codemar.net/podcast/evangelio-del-22o-domingo-ordinario/" class="more-link">Continuar lectura<span class="screen-reader-text">Evangelio del 22º Domingo Ordinario</span></a></span></p>
