{"id":648,"date":"2014-08-23T14:02:33","date_gmt":"2014-08-23T20:02:33","guid":{"rendered":"http:\/\/codemar.net\/podcast\/?page_id=648"},"modified":"2014-08-23T14:02:33","modified_gmt":"2014-08-23T20:02:33","slug":"evangelio-del-21o-domingo-ordinario","status":"publish","type":"page","link":"https:\/\/codemar.net\/podcast\/evangelio-del-21o-domingo-ordinario\/","title":{"rendered":"Evangelio del 21\u00ba Domingo Ordinario"},"content":{"rendered":"<p><strong>Evangelio seg\u00fan San Mateo 16, 13-20.<\/strong><\/p>\n<p>Al llegar a la regi\u00f3n de Cesarea de Filipo, Jes\u00fas pregunt\u00f3 a sus disc\u00edpulos: \u00ab\u00bfQu\u00e9 dice la gente sobre el Hijo del hombre? \u00bfQui\u00e9n dicen que es?\u00bb<\/p>\n<p>Ellos le respondieron: \u00abUnos dicen que es Juan el Bautista; otros, Ellas; y otros, Jerem\u00edas o alguno de los profetas\u00bb.<\/p>\n<p>\u00abY ustedes, les pregunt\u00f3, \u00bfqui\u00e9n dicen que soy?\u00bb<\/p>\n<p>Tomando la palabra, Sim\u00f3n Pedro respondi\u00f3: \u00abT\u00fa eres el Mes\u00edas, el Hijo de Dios vivo\u00bb.<\/p>\n<p>Y Jes\u00fas le dijo: \u00abFeliz de ti, Sim\u00f3n, hijo de Jon\u00e1s, porque esto no te lo ha revelado ni la carne ni la sangre, sino mi Padre que est\u00e1 en el cielo. Y Yo te digo: T\u00fa eres Pedro, y sobre esta piedra edificar\u00e9 mi Iglesia, y el poder de la muerte no prevalecer\u00e1 contra ella. Yo te dar\u00e9 las llaves del Reino de los Cielos. Todo lo que ates en la tierra, quedar\u00e1 atado en el cielo, y todo lo que desates en la tierra, quedar\u00e1 desatado en el cielo\u00bb.<\/p>\n<p>Entonces, orden\u00f3 severamente a sus disc\u00edpulos que no dijeran a nadie que \u00c9l era el Mes\u00edas.<\/p>\n<p>&nbsp;<\/p>\n<p><strong>Palabra del Se\u00f1or.<\/strong><\/p>\n","protected":false},"excerpt":{"rendered":"<p>Evangelio seg\u00fan San Mateo 16, 13-20. Al llegar a la regi\u00f3n de Cesarea de Filipo, Jes\u00fas pregunt\u00f3 a sus disc\u00edpulos: \u00ab\u00bfQu\u00e9 dice<span class=\"more-button\"><a href=\"https:\/\/codemar.net\/podcast\/evangelio-del-21o-domingo-ordinario\/\" class=\"more-link\">Continuar lectura<span class=\"screen-reader-text\">Evangelio del 21\u00ba Domingo Ordinario<\/span><\/a><\/span><\/p>\n","protected":false},"author":1,"featured_media":0,"parent":0,"menu_order":0,"comment_status":"open","ping_status":"open","template":"","meta":{"episode_type":"","audio_file":"","podmotor_file_id":"","podmotor_episode_id":"","cover_image":"","cover_image_id":"","duration":"","filesize":"","filesize_raw":"","date_recorded":"","explicit":"","block":"","itunes_episode_number":"","itunes_title":"","itunes_season_number":"","itunes_episode_type":"","jetpack_post_was_ever_published":false,"footnotes":""},"class_list":["post-648","page","type-page","status-publish","hentry"],"jetpack_shortlink":"https:\/\/wp.me\/P4bNxE-as","jetpack_sharing_enabled":true,"_links":{"self":[{"href":"https:\/\/codemar.net\/podcast\/wp-json\/wp\/v2\/pages\/648","targetHints":{"allow":["GET"]}}],"collection":[{"href":"https:\/\/codemar.net\/podcast\/wp-json\/wp\/v2\/pages"}],"about":[{"href":"https:\/\/codemar.net\/podcast\/wp-json\/wp\/v2\/types\/page"}],"author":[{"embeddable":true,"href":"https:\/\/codemar.net\/podcast\/wp-json\/wp\/v2\/users\/1"}],"replies":[{"embeddable":true,"href":"https:\/\/codemar.net\/podcast\/wp-json\/wp\/v2\/comments?post=648"}],"version-history":[{"count":1,"href":"https:\/\/codemar.net\/podcast\/wp-json\/wp\/v2\/pages\/648\/revisions"}],"predecessor-version":[{"id":649,"href":"https:\/\/codemar.net\/podcast\/wp-json\/wp\/v2\/pages\/648\/revisions\/649"}],"wp:attachment":[{"href":"https:\/\/codemar.net\/podcast\/wp-json\/wp\/v2\/media?parent=648"}],"curies":[{"name":"wp","href":"https:\/\/api.w.org\/{rel}","templated":true}]}}

Evangelio del 21º Domingo Ordinario

<p><strong>Evangelio según San Mateo 16, 13-20.</strong></p>
<p>Al llegar a la región de Cesarea de Filipo, Jesús preguntó a sus discípulos: «¿Qué dice la gente sobre el Hijo del hombre? ¿Quién dicen que es?»</p>
<p>Ellos le respondieron: «Unos dicen que es Juan el Bautista; otros, Ellas; y otros, Jeremías o alguno de los profetas».</p>
<p>«Y ustedes, les preguntó, ¿quién dicen que soy?»</p>
<p>Tomando la palabra, Simón Pedro respondió: «Tú eres el Mesías, el Hijo de Dios vivo».</p>
<p>Y Jesús le dijo: «Feliz de ti, Simón, hijo de Jonás, porque esto no te lo ha revelado ni la carne ni la sangre, sino mi Padre que está en el cielo. Y Yo te digo: Tú eres Pedro, y sobre esta piedra edificaré mi Iglesia, y el poder de la muerte no prevalecerá contra ella. Yo te daré las llaves del Reino de los Cielos. Todo lo que ates en la tierra, quedará atado en el cielo, y todo lo que desates en la tierra, quedará desatado en el cielo».</p>
<p>Entonces, ordenó severamente a sus discípulos que no dijeran a nadie que Él era el Mesías.</p>
<p>&nbsp;</p>
<p><strong>Palabra del Señor.</strong></p>

<p>Evangelio según San Mateo 16, 13-20. Al llegar a la región de Cesarea de Filipo, Jesús preguntó a sus discípulos: «¿Qué dice<span class="more-button"><a href="https://codemar.net/podcast/evangelio-del-21o-domingo-ordinario/" class="more-link">Continuar lectura<span class="screen-reader-text">Evangelio del 21º Domingo Ordinario</span></a></span></p>
