{"id":643,"date":"2014-08-23T13:57:09","date_gmt":"2014-08-23T19:57:09","guid":{"rendered":"http:\/\/codemar.net\/podcast\/?page_id=643"},"modified":"2014-08-23T13:57:09","modified_gmt":"2014-08-23T19:57:09","slug":"evangelio-del-20o-domingo-ordinario","status":"publish","type":"page","link":"https:\/\/codemar.net\/podcast\/evangelio-del-20o-domingo-ordinario\/","title":{"rendered":"Evangelio del 20\u00ba Domingo Ordinario"},"content":{"rendered":"<p><strong>Evangelio seg\u00fan San Mateo 15, 21-28.<\/strong><\/p>\n<p>Jes\u00fas parti\u00f3 de Genesaret y se retir\u00f3 al pa\u00eds de Tiro y de Sid\u00f3n. Entonces una mujer cananea, que proced\u00eda de esa regi\u00f3n, comenz\u00f3 a gritar: \u00ab\u00a1Se\u00f1or, Hijo de David, ten piedad de m\u00ed! Mi hija est\u00e1 terriblemente atormentada por un demonio\u00bb. Pero El no le respondi\u00f3 nada.<\/p>\n<p>Sus disc\u00edpulos se acercaron y le pidieron: \u00abSe\u00f1or, ati\u00e9ndela, porque nos persigue con sus gritos\u00bb.<\/p>\n<p>Jes\u00fas respondi\u00f3: \u00abYo he sido enviado solamente a las ovejas perdidas del pueblo de Israel\u00bb.<\/p>\n<p>Pero la mujer fue a postrarse ante \u00c9l y le dijo: \u00ab\u00a1Se\u00f1or, soc\u00f3rreme!\u00bb<\/p>\n<p>Jes\u00fas le dijo: \u00abNo est\u00e1 bien tomar el pan de los hijos, para tir\u00e1rselo a los cachorros\u00bb.<\/p>\n<p>Ella respondi\u00f3: \u00ab\u00a1Y sin embargo, Se\u00f1or, los cachorros comen las migas que caen de la mesa de sus due\u00f1os!\u00bb<\/p>\n<p>Entonces Jes\u00fas le dijo: \u00abMujer, \u00a1qu\u00e9 grande es tu fe! \u00a1Que se cumpla tu deseo!\u00bb y en ese momento su hija qued\u00f3 sana.<\/p>\n<p>&nbsp;<\/p>\n<p><strong>Palabra del Se\u00f1or.<\/strong><\/p>\n","protected":false},"excerpt":{"rendered":"<p>Evangelio seg\u00fan San Mateo 15, 21-28. Jes\u00fas parti\u00f3 de Genesaret y se retir\u00f3 al pa\u00eds de Tiro y de Sid\u00f3n. Entonces una<span class=\"more-button\"><a href=\"https:\/\/codemar.net\/podcast\/evangelio-del-20o-domingo-ordinario\/\" class=\"more-link\">Continuar lectura<span class=\"screen-reader-text\">Evangelio del 20\u00ba Domingo Ordinario<\/span><\/a><\/span><\/p>\n","protected":false},"author":1,"featured_media":0,"parent":0,"menu_order":0,"comment_status":"open","ping_status":"open","template":"","meta":{"episode_type":"","audio_file":"","podmotor_file_id":"","podmotor_episode_id":"","cover_image":"","cover_image_id":"","duration":"","filesize":"","filesize_raw":"","date_recorded":"","explicit":"","block":"","itunes_episode_number":"","itunes_title":"","itunes_season_number":"","itunes_episode_type":"","jetpack_post_was_ever_published":false,"footnotes":""},"class_list":["post-643","page","type-page","status-publish","hentry"],"jetpack_shortlink":"https:\/\/wp.me\/P4bNxE-an","jetpack_sharing_enabled":true,"_links":{"self":[{"href":"https:\/\/codemar.net\/podcast\/wp-json\/wp\/v2\/pages\/643","targetHints":{"allow":["GET"]}}],"collection":[{"href":"https:\/\/codemar.net\/podcast\/wp-json\/wp\/v2\/pages"}],"about":[{"href":"https:\/\/codemar.net\/podcast\/wp-json\/wp\/v2\/types\/page"}],"author":[{"embeddable":true,"href":"https:\/\/codemar.net\/podcast\/wp-json\/wp\/v2\/users\/1"}],"replies":[{"embeddable":true,"href":"https:\/\/codemar.net\/podcast\/wp-json\/wp\/v2\/comments?post=643"}],"version-history":[{"count":1,"href":"https:\/\/codemar.net\/podcast\/wp-json\/wp\/v2\/pages\/643\/revisions"}],"predecessor-version":[{"id":644,"href":"https:\/\/codemar.net\/podcast\/wp-json\/wp\/v2\/pages\/643\/revisions\/644"}],"wp:attachment":[{"href":"https:\/\/codemar.net\/podcast\/wp-json\/wp\/v2\/media?parent=643"}],"curies":[{"name":"wp","href":"https:\/\/api.w.org\/{rel}","templated":true}]}}

Evangelio del 20º Domingo Ordinario

<p><strong>Evangelio según San Mateo 15, 21-28.</strong></p>
<p>Jesús partió de Genesaret y se retiró al país de Tiro y de Sidón. Entonces una mujer cananea, que procedía de esa región, comenzó a gritar: «¡Señor, Hijo de David, ten piedad de mí! Mi hija está terriblemente atormentada por un demonio». Pero El no le respondió nada.</p>
<p>Sus discípulos se acercaron y le pidieron: «Señor, atiéndela, porque nos persigue con sus gritos».</p>
<p>Jesús respondió: «Yo he sido enviado solamente a las ovejas perdidas del pueblo de Israel».</p>
<p>Pero la mujer fue a postrarse ante Él y le dijo: «¡Señor, socórreme!»</p>
<p>Jesús le dijo: «No está bien tomar el pan de los hijos, para tirárselo a los cachorros».</p>
<p>Ella respondió: «¡Y sin embargo, Señor, los cachorros comen las migas que caen de la mesa de sus dueños!»</p>
<p>Entonces Jesús le dijo: «Mujer, ¡qué grande es tu fe! ¡Que se cumpla tu deseo!» y en ese momento su hija quedó sana.</p>
<p>&nbsp;</p>
<p><strong>Palabra del Señor.</strong></p>

<p>Evangelio según San Mateo 15, 21-28. Jesús partió de Genesaret y se retiró al país de Tiro y de Sidón. Entonces una<span class="more-button"><a href="https://codemar.net/podcast/evangelio-del-20o-domingo-ordinario/" class="more-link">Continuar lectura<span class="screen-reader-text">Evangelio del 20º Domingo Ordinario</span></a></span></p>
