{"id":632,"date":"2014-08-23T13:21:00","date_gmt":"2014-08-23T19:21:00","guid":{"rendered":"http:\/\/codemar.net\/podcast\/?page_id=632"},"modified":"2014-08-23T13:21:00","modified_gmt":"2014-08-23T19:21:00","slug":"evangelio-del-19o-domingo-ordinario","status":"publish","type":"page","link":"https:\/\/codemar.net\/podcast\/evangelio-del-19o-domingo-ordinario\/","title":{"rendered":"Evangelio del 19\u00ba Domingo Ordinario"},"content":{"rendered":"<p><strong>Evangelio seg\u00fan San Mateo 14, 22-23.<\/strong><\/p>\n<p>Despu\u00e9s de la multiplicaci\u00f3n de los panes, Jes\u00fas oblig\u00f3 a los disc\u00edpulos que subieran a la barca y pasaran antes que \u00c9l a la otra orilla, mientras \u00c9l desped\u00eda a la multitud. Despu\u00e9s, subi\u00f3 a la monta\u00f1a para orar a solas. y al atardecer, todav\u00eda estaba all\u00ed, solo.<\/p>\n<p>La barca ya estaba muy lejos de la costa, sacudida por las olas, porque ten\u00edan viento en contra. A la madrugada, Jes\u00fas fue hacia ellos, caminando sobre el mar. Los disc\u00edpulos, al verlo caminar sobre el mar, se asustaron. \u00abEs un fantasma\u00bb, dijeron, y llenos de temor se pusieron a gritar.<\/p>\n<p>Pero Jes\u00fas les dijo: \u00abTranquil\u00edcense, soy Yo; no teman\u00bb.<\/p>\n<p>Entonces Pedro le respondi\u00f3: \u00abSe\u00f1or, si eres T\u00fa, m\u00e1ndame ir a tu encuentro sobre el agua\u00bb.<\/p>\n<p>\u00abVen\u00bb, le dijo Jes\u00fas. y Pedro, bajando de la barca, comenz\u00f3 a caminar sobre el agua en direcci\u00f3n a \u00c9l. Pero, al ver la violencia del viento, tuvo miedo, y como empezaba a hundirse, grit\u00f3: \u00abSe\u00f1or, s\u00e1lvame\u00bb. En seguida, Jes\u00fas le tendi\u00f3 la mano y lo sostuvo, mientras le dec\u00eda: \u00abHombre de poca fe, \u00bfpor qu\u00e9 dudaste?\u00bb<\/p>\n<p>En cuanto subieron a la barca, el viento se calm\u00f3. Los que estaban en ella se postraron ante \u00c9l, diciendo: \u00abVerdaderamente, T\u00fa eres el Hijo de Dios\u00bb.<\/p>\n<p>&nbsp;<\/p>\n<p><strong>Palabra del Se\u00f1or.<\/strong><\/p>\n","protected":false},"excerpt":{"rendered":"<p>Evangelio seg\u00fan San Mateo 14, 22-23. Despu\u00e9s de la multiplicaci\u00f3n de los panes, Jes\u00fas oblig\u00f3 a los disc\u00edpulos que subieran a la<span class=\"more-button\"><a href=\"https:\/\/codemar.net\/podcast\/evangelio-del-19o-domingo-ordinario\/\" class=\"more-link\">Continuar lectura<span class=\"screen-reader-text\">Evangelio del 19\u00ba Domingo Ordinario<\/span><\/a><\/span><\/p>\n","protected":false},"author":1,"featured_media":0,"parent":0,"menu_order":0,"comment_status":"open","ping_status":"open","template":"","meta":{"episode_type":"","audio_file":"","podmotor_file_id":"","podmotor_episode_id":"","cover_image":"","cover_image_id":"","duration":"","filesize":"","filesize_raw":"","date_recorded":"","explicit":"","block":"","itunes_episode_number":"","itunes_title":"","itunes_season_number":"","itunes_episode_type":"","jetpack_post_was_ever_published":false,"footnotes":""},"class_list":["post-632","page","type-page","status-publish","hentry"],"jetpack_shortlink":"https:\/\/wp.me\/P4bNxE-ac","jetpack_sharing_enabled":true,"_links":{"self":[{"href":"https:\/\/codemar.net\/podcast\/wp-json\/wp\/v2\/pages\/632","targetHints":{"allow":["GET"]}}],"collection":[{"href":"https:\/\/codemar.net\/podcast\/wp-json\/wp\/v2\/pages"}],"about":[{"href":"https:\/\/codemar.net\/podcast\/wp-json\/wp\/v2\/types\/page"}],"author":[{"embeddable":true,"href":"https:\/\/codemar.net\/podcast\/wp-json\/wp\/v2\/users\/1"}],"replies":[{"embeddable":true,"href":"https:\/\/codemar.net\/podcast\/wp-json\/wp\/v2\/comments?post=632"}],"version-history":[{"count":1,"href":"https:\/\/codemar.net\/podcast\/wp-json\/wp\/v2\/pages\/632\/revisions"}],"predecessor-version":[{"id":633,"href":"https:\/\/codemar.net\/podcast\/wp-json\/wp\/v2\/pages\/632\/revisions\/633"}],"wp:attachment":[{"href":"https:\/\/codemar.net\/podcast\/wp-json\/wp\/v2\/media?parent=632"}],"curies":[{"name":"wp","href":"https:\/\/api.w.org\/{rel}","templated":true}]}}

Evangelio del 19º Domingo Ordinario

<p><strong>Evangelio según San Mateo 14, 22-23.</strong></p>
<p>Después de la multiplicación de los panes, Jesús obligó a los discípulos que subieran a la barca y pasaran antes que Él a la otra orilla, mientras Él despedía a la multitud. Después, subió a la montaña para orar a solas. y al atardecer, todavía estaba allí, solo.</p>
<p>La barca ya estaba muy lejos de la costa, sacudida por las olas, porque tenían viento en contra. A la madrugada, Jesús fue hacia ellos, caminando sobre el mar. Los discípulos, al verlo caminar sobre el mar, se asustaron. «Es un fantasma», dijeron, y llenos de temor se pusieron a gritar.</p>
<p>Pero Jesús les dijo: «Tranquilícense, soy Yo; no teman».</p>
<p>Entonces Pedro le respondió: «Señor, si eres Tú, mándame ir a tu encuentro sobre el agua».</p>
<p>«Ven», le dijo Jesús. y Pedro, bajando de la barca, comenzó a caminar sobre el agua en dirección a Él. Pero, al ver la violencia del viento, tuvo miedo, y como empezaba a hundirse, gritó: «Señor, sálvame». En seguida, Jesús le tendió la mano y lo sostuvo, mientras le decía: «Hombre de poca fe, ¿por qué dudaste?»</p>
<p>En cuanto subieron a la barca, el viento se calmó. Los que estaban en ella se postraron ante Él, diciendo: «Verdaderamente, Tú eres el Hijo de Dios».</p>
<p>&nbsp;</p>
<p><strong>Palabra del Señor.</strong></p>

<p>Evangelio según San Mateo 14, 22-23. Después de la multiplicación de los panes, Jesús obligó a los discípulos que subieran a la<span class="more-button"><a href="https://codemar.net/podcast/evangelio-del-19o-domingo-ordinario/" class="more-link">Continuar lectura<span class="screen-reader-text">Evangelio del 19º Domingo Ordinario</span></a></span></p>
