{"id":621,"date":"2014-08-23T13:09:23","date_gmt":"2014-08-23T19:09:23","guid":{"rendered":"http:\/\/codemar.net\/podcast\/?page_id=621"},"modified":"2014-08-23T13:09:23","modified_gmt":"2014-08-23T19:09:23","slug":"evangelio-del-18o-domingo-ordinario","status":"publish","type":"page","link":"https:\/\/codemar.net\/podcast\/evangelio-del-18o-domingo-ordinario\/","title":{"rendered":"Evangelio del 18\u00ba Domingo Ordinario"},"content":{"rendered":"<p><strong>Evangelio seg\u00fan San Mateo 14, 13-21.<\/strong><\/p>\n<p>Jes\u00fas se alej\u00f3 en una barca a un lugar desierto para estar a solas. Apenas lo supo la gente, dej\u00f3 las ciudades y lo sigui\u00f3 a pie. Cuando desembarc\u00f3, Jes\u00fas vio una gran muchedumbre y, compadeci\u00e9ndose de ella, san\u00f3 a los enfermos.<\/p>\n<p>Al atardecer, los disc\u00edpulos se acercaron y le dijeron: \u00ab\u00c9ste es un lugar desierto y ya se hace tarde; despide a la multitud para que vaya a las ciudades a comprarse alimentos\u00bb.<\/p>\n<p>Pero Jes\u00fas les dijo: \u00abNo .es necesario que se vayan, denles de comer ustedes mismos\u00bb.<\/p>\n<p>Ellos respondieron: \u00abAqu\u00ed no tenemos m\u00e1s que cinco panes y dos pescados\u00bb.<\/p>\n<p>\u00abTr\u00e1iganmelos aqu\u00ed\u00bb, les dijo.<\/p>\n<p>Y despu\u00e9s de ordenar a la multitud que se sentara sobre el pasto, tom\u00f3 los cinco panes y los dos pescados, y levantando los ojos al cielo, pronunci\u00f3 la bendici\u00f3n, parti\u00f3 los panes, los dio a sus disc\u00edpulos, y ellos los distribuyeron entre la multitud.<\/p>\n<p>Todos comieron hasta saciarse y con los pedazos que sobraron se llenaron doce canastas. Los que comieron fueron unos cinco mil hombres, sin contar las mujeres y los ni\u00f1os.<\/p>\n<p>&nbsp;<\/p>\n<p><strong>Palabra del Se\u00f1or.<\/strong><\/p>\n","protected":false},"excerpt":{"rendered":"<p>Evangelio seg\u00fan San Mateo 14, 13-21. Jes\u00fas se alej\u00f3 en una barca a un lugar desierto para estar a solas. Apenas lo<span class=\"more-button\"><a href=\"https:\/\/codemar.net\/podcast\/evangelio-del-18o-domingo-ordinario\/\" class=\"more-link\">Continuar lectura<span class=\"screen-reader-text\">Evangelio del 18\u00ba Domingo Ordinario<\/span><\/a><\/span><\/p>\n","protected":false},"author":1,"featured_media":0,"parent":0,"menu_order":0,"comment_status":"open","ping_status":"open","template":"","meta":{"episode_type":"","audio_file":"","podmotor_file_id":"","podmotor_episode_id":"","cover_image":"","cover_image_id":"","duration":"","filesize":"","filesize_raw":"","date_recorded":"","explicit":"","block":"","itunes_episode_number":"","itunes_title":"","itunes_season_number":"","itunes_episode_type":"","jetpack_post_was_ever_published":false,"footnotes":""},"class_list":["post-621","page","type-page","status-publish","hentry"],"jetpack_shortlink":"https:\/\/wp.me\/P4bNxE-a1","jetpack_sharing_enabled":true,"_links":{"self":[{"href":"https:\/\/codemar.net\/podcast\/wp-json\/wp\/v2\/pages\/621","targetHints":{"allow":["GET"]}}],"collection":[{"href":"https:\/\/codemar.net\/podcast\/wp-json\/wp\/v2\/pages"}],"about":[{"href":"https:\/\/codemar.net\/podcast\/wp-json\/wp\/v2\/types\/page"}],"author":[{"embeddable":true,"href":"https:\/\/codemar.net\/podcast\/wp-json\/wp\/v2\/users\/1"}],"replies":[{"embeddable":true,"href":"https:\/\/codemar.net\/podcast\/wp-json\/wp\/v2\/comments?post=621"}],"version-history":[{"count":1,"href":"https:\/\/codemar.net\/podcast\/wp-json\/wp\/v2\/pages\/621\/revisions"}],"predecessor-version":[{"id":622,"href":"https:\/\/codemar.net\/podcast\/wp-json\/wp\/v2\/pages\/621\/revisions\/622"}],"wp:attachment":[{"href":"https:\/\/codemar.net\/podcast\/wp-json\/wp\/v2\/media?parent=621"}],"curies":[{"name":"wp","href":"https:\/\/api.w.org\/{rel}","templated":true}]}}

Evangelio del 18º Domingo Ordinario

<p><strong>Evangelio según San Mateo 14, 13-21.</strong></p>
<p>Jesús se alejó en una barca a un lugar desierto para estar a solas. Apenas lo supo la gente, dejó las ciudades y lo siguió a pie. Cuando desembarcó, Jesús vio una gran muchedumbre y, compadeciéndose de ella, sanó a los enfermos.</p>
<p>Al atardecer, los discípulos se acercaron y le dijeron: «Éste es un lugar desierto y ya se hace tarde; despide a la multitud para que vaya a las ciudades a comprarse alimentos».</p>
<p>Pero Jesús les dijo: «No .es necesario que se vayan, denles de comer ustedes mismos».</p>
<p>Ellos respondieron: «Aquí no tenemos más que cinco panes y dos pescados».</p>
<p>«Tráiganmelos aquí», les dijo.</p>
<p>Y después de ordenar a la multitud que se sentara sobre el pasto, tomó los cinco panes y los dos pescados, y levantando los ojos al cielo, pronunció la bendición, partió los panes, los dio a sus discípulos, y ellos los distribuyeron entre la multitud.</p>
<p>Todos comieron hasta saciarse y con los pedazos que sobraron se llenaron doce canastas. Los que comieron fueron unos cinco mil hombres, sin contar las mujeres y los niños.</p>
<p>&nbsp;</p>
<p><strong>Palabra del Señor.</strong></p>

<p>Evangelio según San Mateo 14, 13-21. Jesús se alejó en una barca a un lugar desierto para estar a solas. Apenas lo<span class="more-button"><a href="https://codemar.net/podcast/evangelio-del-18o-domingo-ordinario/" class="more-link">Continuar lectura<span class="screen-reader-text">Evangelio del 18º Domingo Ordinario</span></a></span></p>
