{"id":580,"date":"2014-08-23T11:08:56","date_gmt":"2014-08-23T17:08:56","guid":{"rendered":"http:\/\/codemar.net\/podcast\/?page_id=580"},"modified":"2014-08-23T11:08:56","modified_gmt":"2014-08-23T17:08:56","slug":"evangelio-de-san-pedro-y-san-pablo","status":"publish","type":"page","link":"https:\/\/codemar.net\/podcast\/evangelio-de-san-pedro-y-san-pablo\/","title":{"rendered":"Evangelio de San Pedro y San Pablo"},"content":{"rendered":"<p><strong>Evangelio seg\u00fan San Mateo 16, 13-19.<\/strong><\/p>\n<p><span style=\"color: #325498;\">A<\/span><span style=\"color: #000000;\">l llegar a la regi\u00f3n de Cesarea de Filipo, Jes\u00fas pregunt\u00f3 a sus disc\u00edpulos: &#8220;\u00bfQu\u00e9 dice la gente sobre el Hijo del hombre? \u00bfQui\u00e9n dicen que es?&#8221;.\u00a0<\/span><br style=\"color: #000000;\" \/><span style=\"color: #000000;\">Ellos le respondieron: &#8220;Unos dicen que es Juan el Bautista; otros, El\u00edas; y otros, Jerem\u00edas o alguno de los profetas&#8221;.\u00a0<\/span><br style=\"color: #000000;\" \/><span style=\"color: #000000;\">&#8220;Y ustedes, les pregunt\u00f3, \u00bfqui\u00e9n dicen que soy?&#8221;.\u00a0<\/span><br style=\"color: #000000;\" \/><span style=\"color: #000000;\">Tomando la palabra, Sim\u00f3n Pedro respondi\u00f3: &#8220;T\u00fa eres el Mes\u00edas, el Hijo de Dios vivo&#8221;.\u00a0<\/span><br style=\"color: #000000;\" \/><span style=\"color: #000000;\">Y Jes\u00fas le dijo: &#8220;Feliz de ti, Sim\u00f3n, hijo de Jon\u00e1s, porque esto no te lo ha revelado ni la carne ni la sangre, sino mi Padre que est\u00e1 en el cielo.\u00a0<\/span><br style=\"color: #000000;\" \/><span style=\"color: #000000;\">Y yo te digo: T\u00fa eres Pedro, y sobre esta piedra edificar\u00e9 mi Iglesia, y el poder de la Muerte no prevalecer\u00e1 contra ella.\u00a0<\/span><br style=\"color: #000000;\" \/><span style=\"color: #000000;\">Yo te dar\u00e9 las llaves del Reino de los Cielos. Todo lo que ates en la tierra, quedar\u00e1 atado en el cielo, y todo lo que desates en la tierra, quedar\u00e1 desatado en el cielo&#8221;.\u00a0<\/span><\/p>\n<p><strong>Palabra del Se\u00f1or.<\/strong><\/p>\n","protected":false},"excerpt":{"rendered":"<p>Evangelio seg\u00fan San Mateo 16, 13-19. Al llegar a la regi\u00f3n de Cesarea de Filipo, Jes\u00fas pregunt\u00f3 a sus disc\u00edpulos: &#8220;\u00bfQu\u00e9 dice<span class=\"more-button\"><a href=\"https:\/\/codemar.net\/podcast\/evangelio-de-san-pedro-y-san-pablo\/\" class=\"more-link\">Continuar lectura<span class=\"screen-reader-text\">Evangelio de San Pedro y San Pablo<\/span><\/a><\/span><\/p>\n","protected":false},"author":1,"featured_media":0,"parent":0,"menu_order":0,"comment_status":"open","ping_status":"open","template":"","meta":{"episode_type":"","audio_file":"","podmotor_file_id":"","podmotor_episode_id":"","cover_image":"","cover_image_id":"","duration":"","filesize":"","filesize_raw":"","date_recorded":"","explicit":"","block":"","itunes_episode_number":"","itunes_title":"","itunes_season_number":"","itunes_episode_type":"","jetpack_post_was_ever_published":false,"footnotes":""},"class_list":["post-580","page","type-page","status-publish","hentry"],"jetpack_shortlink":"https:\/\/wp.me\/P4bNxE-9m","jetpack_sharing_enabled":true,"_links":{"self":[{"href":"https:\/\/codemar.net\/podcast\/wp-json\/wp\/v2\/pages\/580","targetHints":{"allow":["GET"]}}],"collection":[{"href":"https:\/\/codemar.net\/podcast\/wp-json\/wp\/v2\/pages"}],"about":[{"href":"https:\/\/codemar.net\/podcast\/wp-json\/wp\/v2\/types\/page"}],"author":[{"embeddable":true,"href":"https:\/\/codemar.net\/podcast\/wp-json\/wp\/v2\/users\/1"}],"replies":[{"embeddable":true,"href":"https:\/\/codemar.net\/podcast\/wp-json\/wp\/v2\/comments?post=580"}],"version-history":[{"count":1,"href":"https:\/\/codemar.net\/podcast\/wp-json\/wp\/v2\/pages\/580\/revisions"}],"predecessor-version":[{"id":581,"href":"https:\/\/codemar.net\/podcast\/wp-json\/wp\/v2\/pages\/580\/revisions\/581"}],"wp:attachment":[{"href":"https:\/\/codemar.net\/podcast\/wp-json\/wp\/v2\/media?parent=580"}],"curies":[{"name":"wp","href":"https:\/\/api.w.org\/{rel}","templated":true}]}}

<p><strong>Evangelio según San Mateo 16, 13-19.</strong></p>
<p><span style="color: #325498;">A</span><span style="color: #000000;">l llegar a la región de Cesarea de Filipo, Jesús preguntó a sus discípulos: &#8220;¿Qué dice la gente sobre el Hijo del hombre? ¿Quién dicen que es?&#8221;. </span><br style="color: #000000;" /><span style="color: #000000;">Ellos le respondieron: &#8220;Unos dicen que es Juan el Bautista; otros, Elías; y otros, Jeremías o alguno de los profetas&#8221;. </span><br style="color: #000000;" /><span style="color: #000000;">&#8220;Y ustedes, les preguntó, ¿quién dicen que soy?&#8221;. </span><br style="color: #000000;" /><span style="color: #000000;">Tomando la palabra, Simón Pedro respondió: &#8220;Tú eres el Mesías, el Hijo de Dios vivo&#8221;. </span><br style="color: #000000;" /><span style="color: #000000;">Y Jesús le dijo: &#8220;Feliz de ti, Simón, hijo de Jonás, porque esto no te lo ha revelado ni la carne ni la sangre, sino mi Padre que está en el cielo. </span><br style="color: #000000;" /><span style="color: #000000;">Y yo te digo: Tú eres Pedro, y sobre esta piedra edificaré mi Iglesia, y el poder de la Muerte no prevalecerá contra ella. </span><br style="color: #000000;" /><span style="color: #000000;">Yo te daré las llaves del Reino de los Cielos. Todo lo que ates en la tierra, quedará atado en el cielo, y todo lo que desates en la tierra, quedará desatado en el cielo&#8221;. </span></p>
<p><strong>Palabra del Señor.</strong></p>

<p>Evangelio según San Mateo 16, 13-19. Al llegar a la región de Cesarea de Filipo, Jesús preguntó a sus discípulos: &#8220;¿Qué dice<span class="more-button"><a href="https://codemar.net/podcast/evangelio-de-san-pedro-y-san-pablo/" class="more-link">Continuar lectura<span class="screen-reader-text">Evangelio de San Pedro y San Pablo</span></a></span></p>
