{"id":564,"date":"2014-07-20T21:39:55","date_gmt":"2014-07-21T03:39:55","guid":{"rendered":"http:\/\/codemar.net\/podcast\/?page_id=564"},"modified":"2014-07-20T21:39:55","modified_gmt":"2014-07-21T03:39:55","slug":"evangelio-del-dia-san-juan-bautista","status":"publish","type":"page","link":"https:\/\/codemar.net\/podcast\/evangelio-del-dia-san-juan-bautista\/","title":{"rendered":"Evangelio del d\u00eda San Juan Bautista"},"content":{"rendered":"<p><strong>Evangelio seg\u00fan San Lucas 1, 57-66,80.<\/strong><\/p>\n<p>Cuando lleg\u00f3 el tiempo en que Isabel deb\u00eda ser madre, dio a luz un hijo. Al enterarse sus vecinos y parientes de la gran misericordia con que Dios la hab\u00eda tratado, se alegraban con ella.<\/p>\n<p>A los ocho d\u00edas, se reunieron para circuncidar al ni\u00f1o, y quer\u00edan llamarlo Zacar\u00edas, como su padre; pero la madre dijo: \u00abNo, debe llamarse Juan\u00bb.<\/p>\n<p>Ellos le dec\u00edan: \u00abNo hay nadie en tu familia que lleve ese nombre\u00bb.<\/p>\n<p>Entonces preguntaron por se\u00f1as al padre qu\u00e9 nombre quer\u00eda que le pusieran. \u00c9ste pidi\u00f3 una pizarra y escribi\u00f3: \u00abSu nombre es Juan\u00bb.<\/p>\n<p>Todos quedaron admirados. Y en ese mismo momento, Zacar\u00edas recuper\u00f3 el habla y comenz\u00f3 a alabar a Dios.<\/p>\n<p>Este acontecimiento produjo una gran impresi\u00f3n entre la gente de los alrededores, y se lo comentaba en toda la regi\u00f3n monta\u00f1osa de Judea. Todos los que se enteraron guardaban este recuerdo en su coraz\u00f3n y se dec\u00edan: \u00ab\u00bfQu\u00e9 llegar\u00e1 a ser este ni\u00f1o?\u00bb Porque la mano del Se\u00f1or estaba con \u00e9l.<\/p>\n<p>El ni\u00f1o iba creciendo y se fortalec\u00eda en su esp\u00edritu; y vivi\u00f3 en lugares desiertos hasta el d\u00eda en que se manifest\u00f3 a Israel.<\/p>\n<p>&nbsp;<\/p>\n<p><strong>Palabra del Se\u00f1or.<\/strong><\/p>\n","protected":false},"excerpt":{"rendered":"<p>Evangelio seg\u00fan San Lucas 1, 57-66,80. Cuando lleg\u00f3 el tiempo en que Isabel deb\u00eda ser madre, dio a luz un hijo. Al<span class=\"more-button\"><a href=\"https:\/\/codemar.net\/podcast\/evangelio-del-dia-san-juan-bautista\/\" class=\"more-link\">Continuar lectura<span class=\"screen-reader-text\">Evangelio del d\u00eda San Juan Bautista<\/span><\/a><\/span><\/p>\n","protected":false},"author":1,"featured_media":0,"parent":0,"menu_order":0,"comment_status":"open","ping_status":"open","template":"","meta":{"episode_type":"","audio_file":"","podmotor_file_id":"","podmotor_episode_id":"","cover_image":"","cover_image_id":"","duration":"","filesize":"","filesize_raw":"","date_recorded":"","explicit":"","block":"","itunes_episode_number":"","itunes_title":"","itunes_season_number":"","itunes_episode_type":"","jetpack_post_was_ever_published":false,"footnotes":""},"class_list":["post-564","page","type-page","status-publish","hentry"],"jetpack_shortlink":"https:\/\/wp.me\/P4bNxE-96","jetpack_sharing_enabled":true,"_links":{"self":[{"href":"https:\/\/codemar.net\/podcast\/wp-json\/wp\/v2\/pages\/564","targetHints":{"allow":["GET"]}}],"collection":[{"href":"https:\/\/codemar.net\/podcast\/wp-json\/wp\/v2\/pages"}],"about":[{"href":"https:\/\/codemar.net\/podcast\/wp-json\/wp\/v2\/types\/page"}],"author":[{"embeddable":true,"href":"https:\/\/codemar.net\/podcast\/wp-json\/wp\/v2\/users\/1"}],"replies":[{"embeddable":true,"href":"https:\/\/codemar.net\/podcast\/wp-json\/wp\/v2\/comments?post=564"}],"version-history":[{"count":1,"href":"https:\/\/codemar.net\/podcast\/wp-json\/wp\/v2\/pages\/564\/revisions"}],"predecessor-version":[{"id":565,"href":"https:\/\/codemar.net\/podcast\/wp-json\/wp\/v2\/pages\/564\/revisions\/565"}],"wp:attachment":[{"href":"https:\/\/codemar.net\/podcast\/wp-json\/wp\/v2\/media?parent=564"}],"curies":[{"name":"wp","href":"https:\/\/api.w.org\/{rel}","templated":true}]}}

Evangelio del día San Juan Bautista

<p><strong>Evangelio según San Lucas 1, 57-66,80.</strong></p>
<p>Cuando llegó el tiempo en que Isabel debía ser madre, dio a luz un hijo. Al enterarse sus vecinos y parientes de la gran misericordia con que Dios la había tratado, se alegraban con ella.</p>
<p>A los ocho días, se reunieron para circuncidar al niño, y querían llamarlo Zacarías, como su padre; pero la madre dijo: «No, debe llamarse Juan».</p>
<p>Ellos le decían: «No hay nadie en tu familia que lleve ese nombre».</p>
<p>Entonces preguntaron por señas al padre qué nombre quería que le pusieran. Éste pidió una pizarra y escribió: «Su nombre es Juan».</p>
<p>Todos quedaron admirados. Y en ese mismo momento, Zacarías recuperó el habla y comenzó a alabar a Dios.</p>
<p>Este acontecimiento produjo una gran impresión entre la gente de los alrededores, y se lo comentaba en toda la región montañosa de Judea. Todos los que se enteraron guardaban este recuerdo en su corazón y se decían: «¿Qué llegará a ser este niño?» Porque la mano del Señor estaba con él.</p>
<p>El niño iba creciendo y se fortalecía en su espíritu; y vivió en lugares desiertos hasta el día en que se manifestó a Israel.</p>
<p>&nbsp;</p>
<p><strong>Palabra del Señor.</strong></p>

<p>Evangelio según San Lucas 1, 57-66,80. Cuando llegó el tiempo en que Isabel debía ser madre, dio a luz un hijo. Al<span class="more-button"><a href="https://codemar.net/podcast/evangelio-del-dia-san-juan-bautista/" class="more-link">Continuar lectura<span class="screen-reader-text">Evangelio del día San Juan Bautista</span></a></span></p>
