{"id":517,"date":"2014-05-25T23:16:04","date_gmt":"2014-05-26T05:16:04","guid":{"rendered":"http:\/\/codemar.net\/podcast\/?page_id=517"},"modified":"2014-05-25T23:16:04","modified_gmt":"2014-05-26T05:16:04","slug":"evangelio-del-6o-domingo-de-pascua","status":"publish","type":"page","link":"https:\/\/codemar.net\/podcast\/evangelio-del-6o-domingo-de-pascua\/","title":{"rendered":"Evangelio del 6\u00ba Domingo de Pascua"},"content":{"rendered":"<p><strong>Evangelio seg\u00fan San Juan 14, 15-21<\/strong><\/p>\n<p>&nbsp;<\/p>\n<p>Durante la \u00daltima Cena, Jes\u00fas dijo a sus disc\u00edpulos:<\/p>\n<p>Si ustedes me aman, cumplir\u00e1n mis mandamientos.<br \/>\ny Yo rogar\u00e9 al Padre,<br \/>\ny \u00c9l les dar\u00e1 otro Par\u00e1clito<br \/>\npara que est\u00e9 siempre con ustedes:<br \/>\nel Esp\u00edritu de la Verdad,<br \/>\na quien el mundo no puede recibir,<br \/>\nporque no lo ve ni lo conoce.<br \/>\nUstedes, en cambio, lo conocen,<br \/>\nporque \u00c9l permanece con ustedes y estar\u00e1 en ustedes.<br \/>\nNo los dejar\u00e9 hu\u00e9rfanos,<br \/>\nvolver\u00e9 a ustedes.<\/p>\n<p>Dentro de poco el mundo ya no me ver\u00e1,<br \/>\npero ustedes s\u00ed me ver\u00e1n,<br \/>\nporque Yo vivo y tambi\u00e9n ustedes vivir\u00e1n.<br \/>\nAquel d\u00eda comprender\u00e1n que Yo estoy en mi Padre,<br \/>\ny que ustedes est\u00e1n en m\u00ed y Yo en ustedes.<br \/>\nEl que recibe mis mandamientos y los cumple,<br \/>\n\u00e9se es el que me ama; ;<br \/>\ny el que me ama ser\u00e1 amado por mi Padre,<br \/>\ny Yo lo amar\u00e9 y me manifestar\u00e9 a \u00e9l.<\/p>\n<p>&nbsp;<\/p>\n<p><strong>Palabra del Se\u00f1or.<\/strong><\/p>\n","protected":false},"excerpt":{"rendered":"<p>Evangelio seg\u00fan San Juan 14, 15-21 &nbsp; Durante la \u00daltima Cena, Jes\u00fas dijo a sus disc\u00edpulos: Si ustedes me aman, cumplir\u00e1n mis<span class=\"more-button\"><a href=\"https:\/\/codemar.net\/podcast\/evangelio-del-6o-domingo-de-pascua\/\" class=\"more-link\">Continuar lectura<span class=\"screen-reader-text\">Evangelio del 6\u00ba Domingo de Pascua<\/span><\/a><\/span><\/p>\n","protected":false},"author":1,"featured_media":0,"parent":0,"menu_order":0,"comment_status":"open","ping_status":"open","template":"","meta":{"episode_type":"","audio_file":"","podmotor_file_id":"","podmotor_episode_id":"","cover_image":"","cover_image_id":"","duration":"","filesize":"","filesize_raw":"","date_recorded":"","explicit":"","block":"","itunes_episode_number":"","itunes_title":"","itunes_season_number":"","itunes_episode_type":"","jetpack_post_was_ever_published":false,"footnotes":""},"class_list":["post-517","page","type-page","status-publish","hentry"],"jetpack_shortlink":"https:\/\/wp.me\/P4bNxE-8l","jetpack_sharing_enabled":true,"_links":{"self":[{"href":"https:\/\/codemar.net\/podcast\/wp-json\/wp\/v2\/pages\/517","targetHints":{"allow":["GET"]}}],"collection":[{"href":"https:\/\/codemar.net\/podcast\/wp-json\/wp\/v2\/pages"}],"about":[{"href":"https:\/\/codemar.net\/podcast\/wp-json\/wp\/v2\/types\/page"}],"author":[{"embeddable":true,"href":"https:\/\/codemar.net\/podcast\/wp-json\/wp\/v2\/users\/1"}],"replies":[{"embeddable":true,"href":"https:\/\/codemar.net\/podcast\/wp-json\/wp\/v2\/comments?post=517"}],"version-history":[{"count":1,"href":"https:\/\/codemar.net\/podcast\/wp-json\/wp\/v2\/pages\/517\/revisions"}],"predecessor-version":[{"id":518,"href":"https:\/\/codemar.net\/podcast\/wp-json\/wp\/v2\/pages\/517\/revisions\/518"}],"wp:attachment":[{"href":"https:\/\/codemar.net\/podcast\/wp-json\/wp\/v2\/media?parent=517"}],"curies":[{"name":"wp","href":"https:\/\/api.w.org\/{rel}","templated":true}]}}

Evangelio del 6º Domingo de Pascua

<p><strong>Evangelio según San Juan 14, 15-21</strong></p>
<p>&nbsp;</p>
<p>Durante la Última Cena, Jesús dijo a sus discípulos:</p>
<p>Si ustedes me aman, cumplirán mis mandamientos.<br />
y Yo rogaré al Padre,<br />
y Él les dará otro Paráclito<br />
para que esté siempre con ustedes:<br />
el Espíritu de la Verdad,<br />
a quien el mundo no puede recibir,<br />
porque no lo ve ni lo conoce.<br />
Ustedes, en cambio, lo conocen,<br />
porque Él permanece con ustedes y estará en ustedes.<br />
No los dejaré huérfanos,<br />
volveré a ustedes.</p>
<p>Dentro de poco el mundo ya no me verá,<br />
pero ustedes sí me verán,<br />
porque Yo vivo y también ustedes vivirán.<br />
Aquel día comprenderán que Yo estoy en mi Padre,<br />
y que ustedes están en mí y Yo en ustedes.<br />
El que recibe mis mandamientos y los cumple,<br />
ése es el que me ama; ;<br />
y el que me ama será amado por mi Padre,<br />
y Yo lo amaré y me manifestaré a él.</p>
<p>&nbsp;</p>
<p><strong>Palabra del Señor.</strong></p>

<p>Evangelio según San Juan 14, 15-21 &nbsp; Durante la Última Cena, Jesús dijo a sus discípulos: Si ustedes me aman, cumplirán mis<span class="more-button"><a href="https://codemar.net/podcast/evangelio-del-6o-domingo-de-pascua/" class="more-link">Continuar lectura<span class="screen-reader-text">Evangelio del 6º Domingo de Pascua</span></a></span></p>
