{"id":471,"date":"2014-04-17T11:38:00","date_gmt":"2014-04-17T17:38:00","guid":{"rendered":"http:\/\/codemar.net\/podcast\/?page_id=471"},"modified":"2014-04-17T11:38:00","modified_gmt":"2014-04-17T17:38:00","slug":"evangelio-del-jueves-santo","status":"publish","type":"page","link":"https:\/\/codemar.net\/podcast\/evangelio-del-jueves-santo\/","title":{"rendered":"Evangelio del Jueves Santo"},"content":{"rendered":"<p><strong>Evangelio seg\u00fan San Juan 13, 1-15.<\/strong><\/p>\n<p>Antes de la fiesta de Pascua, sabiendo Jes\u00fas que hab\u00eda llegado su hora de pasar de este mundo al Padre, El, que hab\u00eda amado a los suyos que quedaban en el mundo, los am\u00f3 hasta el fin.<\/p>\n<p>Durante la Cena, cuando el demonio ya hab\u00eda inspirado a Judas Iscariote, hijo de Sim\u00f3n, el prop\u00f3sito de entregarlo, sabiendo Jes\u00fas que el Padre hab\u00eda puesto todo en sus manos y que \u00c9l hab\u00eda venido de Dios y volv\u00eda a Dios, se levant\u00f3 de la mesa, se sac\u00f3 el manto y tomando una toalla se la at\u00f3 a la cintura. Luego ech\u00f3 agua en un recipiente y empez\u00f3 a lavar los pies a los disc\u00edpulos y a sec\u00e1rselos con la toalla que ten\u00eda en la cintura.<\/p>\n<p>Cuando se acerc\u00f3 a Sim\u00f3n Pedro, \u00e9ste le dijo: \u00ab\u00bfT\u00fa, Se\u00f1or, me vas a lavar los pies a m\u00ed?\u00bb<\/p>\n<p>Jes\u00fas le respondi\u00f3: \u00abNo puedes comprender ahora lo que estoy<i>\u00a0<\/i>haciendo, pero despu\u00e9s lo comprender\u00e1s\u00bb.<\/p>\n<p>\u00abNo, le dijo Pedro, \u00a1T\u00fa jam\u00e1s me lavar\u00e1s los pies a m\u00ed!\u00bb<\/p>\n<p>Jes\u00fas le respondi\u00f3: \u00abSi Yo no te lavo, no podr\u00e1s compartir mi suerte\u00bb.<\/p>\n<p>\u00abEntonces, Se\u00f1or, le dijo Sim\u00f3n Pedro, \u00a1no s\u00f3lo los pies, sino tambi\u00e9n las manos y la cabeza!\u00bb<\/p>\n<p>Jes\u00fas le dijo: \u00abEl que se ha ba\u00f1ado no necesita lavarse m\u00e1s que los pies, porque est\u00e1 completamente limpio. Ustedes tambi\u00e9n est\u00e1n limpios, aunque no todos\u00bb. \u00c9l sab\u00eda qui\u00e9n lo iba a entregar, y por eso hab\u00eda dicho: \u00abNo todos ustedes est\u00e1n limpios\u00bb.<\/p>\n<p>Despu\u00e9s de haberles lavado los pies, se puso el manto, volvi\u00f3 a la mesa y les dijo: \u00ab\u00bfcomprenden lo que acabo de hacer con ustedes? Ustedes me llaman Maestro y Se\u00f1or, y tienen raz\u00f3n, porque lo\u00a0<i>soy.\u00a0<\/i>Si Yo, que soy<i>\u00a0<\/i>el Se\u00f1or y el Maestro, les he lavado los pies, ustedes tambi\u00e9n deben lavarse los pies unos a otros. Les he dado el ejemplo, para que hagan lo mismo que Yo hice con ustedes\u00bb.<\/p>\n<p>&nbsp;<\/p>\n<p><b>Palabra del Se\u00f1or.<\/b><\/p>\n","protected":false},"excerpt":{"rendered":"<p>Evangelio seg\u00fan San Juan 13, 1-15. Antes de la fiesta de Pascua, sabiendo Jes\u00fas que hab\u00eda llegado su hora de pasar de<span class=\"more-button\"><a href=\"https:\/\/codemar.net\/podcast\/evangelio-del-jueves-santo\/\" class=\"more-link\">Continuar lectura<span class=\"screen-reader-text\">Evangelio del Jueves Santo<\/span><\/a><\/span><\/p>\n","protected":false},"author":1,"featured_media":0,"parent":0,"menu_order":0,"comment_status":"open","ping_status":"open","template":"","meta":{"episode_type":"","audio_file":"","podmotor_file_id":"","podmotor_episode_id":"","cover_image":"","cover_image_id":"","duration":"","filesize":"","filesize_raw":"","date_recorded":"","explicit":"","block":"","itunes_episode_number":"","itunes_title":"","itunes_season_number":"","itunes_episode_type":"","jetpack_post_was_ever_published":false,"footnotes":""},"class_list":["post-471","page","type-page","status-publish","hentry"],"jetpack_shortlink":"https:\/\/wp.me\/P4bNxE-7B","jetpack_sharing_enabled":true,"_links":{"self":[{"href":"https:\/\/codemar.net\/podcast\/wp-json\/wp\/v2\/pages\/471","targetHints":{"allow":["GET"]}}],"collection":[{"href":"https:\/\/codemar.net\/podcast\/wp-json\/wp\/v2\/pages"}],"about":[{"href":"https:\/\/codemar.net\/podcast\/wp-json\/wp\/v2\/types\/page"}],"author":[{"embeddable":true,"href":"https:\/\/codemar.net\/podcast\/wp-json\/wp\/v2\/users\/1"}],"replies":[{"embeddable":true,"href":"https:\/\/codemar.net\/podcast\/wp-json\/wp\/v2\/comments?post=471"}],"version-history":[{"count":1,"href":"https:\/\/codemar.net\/podcast\/wp-json\/wp\/v2\/pages\/471\/revisions"}],"predecessor-version":[{"id":472,"href":"https:\/\/codemar.net\/podcast\/wp-json\/wp\/v2\/pages\/471\/revisions\/472"}],"wp:attachment":[{"href":"https:\/\/codemar.net\/podcast\/wp-json\/wp\/v2\/media?parent=471"}],"curies":[{"name":"wp","href":"https:\/\/api.w.org\/{rel}","templated":true}]}}