{"id":323,"date":"2014-02-09T07:08:29","date_gmt":"2014-02-09T13:08:29","guid":{"rendered":"http:\/\/codemar.net\/podcast\/?page_id=323"},"modified":"2014-02-09T07:18:41","modified_gmt":"2014-02-09T13:18:41","slug":"evangelio-del-5o-domingo-ordinario","status":"publish","type":"page","link":"https:\/\/codemar.net\/podcast\/evangelio-del-5o-domingo-ordinario\/","title":{"rendered":"Evangelio del 5\u00ba Domingo Ordinario"},"content":{"rendered":"<p><strong>Evangelio seg\u00fan San Mateo 5, 13-16.<\/strong><\/p>\n<p>Jes\u00fas dijo a sus disc\u00edpulos:<\/p>\n<p>Ustedes son la sal de la tierra. Pero si la sal pierde su sabor, \u00bfcon qu\u00e9 se la volver\u00e1 a salar? Ya no sirve para nada, sino para ser tirada y pisada por los hombres.<\/p>\n<p>Ustedes son la luz del mundo. No se puede ocultar una ciudad situada en la cima de una monta\u00f1a. Y no se enciende una l\u00e1mpara para meterla debajo de un caj\u00f3n, sino que se la pone sobre el candelero para que ilumine a todos los que est\u00e1n en la casa.<\/p>\n<p>As\u00ed debe brillar ante los ojos de los hombres la luz que hay en ustedes, a fin de que ellos vean sus buenas obras y glorifiquen a su Padre que est\u00e1 en el cielo.<\/p>\n<p>&nbsp;<\/p>\n<p><b>Palabra del Se\u00f1or.<\/b><\/p>\n","protected":false},"excerpt":{"rendered":"<p>Evangelio seg\u00fan San Mateo 5, 13-16. Jes\u00fas dijo a sus disc\u00edpulos: Ustedes son la sal de la tierra. Pero si la sal<span class=\"more-button\"><a href=\"https:\/\/codemar.net\/podcast\/evangelio-del-5o-domingo-ordinario\/\" class=\"more-link\">Continuar lectura<span class=\"screen-reader-text\">Evangelio del 5\u00ba Domingo Ordinario<\/span><\/a><\/span><\/p>\n","protected":false},"author":1,"featured_media":0,"parent":0,"menu_order":0,"comment_status":"open","ping_status":"open","template":"","meta":{"episode_type":"","audio_file":"","podmotor_file_id":"","podmotor_episode_id":"","cover_image":"","cover_image_id":"","duration":"","filesize":"","filesize_raw":"","date_recorded":"","explicit":"","block":"","itunes_episode_number":"","itunes_title":"","itunes_season_number":"","itunes_episode_type":"","jetpack_post_was_ever_published":false,"footnotes":""},"class_list":["post-323","page","type-page","status-publish","hentry"],"jetpack_shortlink":"https:\/\/wp.me\/P4bNxE-5d","jetpack_sharing_enabled":true,"_links":{"self":[{"href":"https:\/\/codemar.net\/podcast\/wp-json\/wp\/v2\/pages\/323","targetHints":{"allow":["GET"]}}],"collection":[{"href":"https:\/\/codemar.net\/podcast\/wp-json\/wp\/v2\/pages"}],"about":[{"href":"https:\/\/codemar.net\/podcast\/wp-json\/wp\/v2\/types\/page"}],"author":[{"embeddable":true,"href":"https:\/\/codemar.net\/podcast\/wp-json\/wp\/v2\/users\/1"}],"replies":[{"embeddable":true,"href":"https:\/\/codemar.net\/podcast\/wp-json\/wp\/v2\/comments?post=323"}],"version-history":[{"count":2,"href":"https:\/\/codemar.net\/podcast\/wp-json\/wp\/v2\/pages\/323\/revisions"}],"predecessor-version":[{"id":329,"href":"https:\/\/codemar.net\/podcast\/wp-json\/wp\/v2\/pages\/323\/revisions\/329"}],"wp:attachment":[{"href":"https:\/\/codemar.net\/podcast\/wp-json\/wp\/v2\/media?parent=323"}],"curies":[{"name":"wp","href":"https:\/\/api.w.org\/{rel}","templated":true}]}}