{"id":2606,"date":"2018-12-24T18:45:19","date_gmt":"2018-12-25T00:45:19","guid":{"rendered":"http:\/\/codemar.net\/podcast\/?page_id=2606"},"modified":"2019-10-02T08:48:42","modified_gmt":"2019-10-02T14:48:42","slug":"la-vida-de-jesucristo","status":"publish","type":"page","link":"https:\/\/codemar.net\/podcast\/la-vida-de-jesucristo\/","title":{"rendered":"Vida de Jesucristo"},"content":{"rendered":"\n<p style=\"text-align:center\">Esta VIDA DE JESUCRISTO,  aunque con car\u00e1cter cient\u00edfico, pero popular, no es cr\u00edtica; no lleva ninguna cita, porque fue redactada solamente como lectura para los alumnos de las clases de Formaci\u00f3n en Biblia y Teolog\u00eda, en la Parroquia del Coraz\u00f3n de Mar\u00eda, de San Salvador.<\/p>\n\n\n\n<p style=\"text-align:center\" class=\"has-small-font-size\"><em>&#8212; Click en la imagen para leer &#8212;<\/em><\/p>\n\n\n\n<div class=\"wp-block-image\"><figure class=\"aligncenter is-resized\"><a href=\"https:\/\/codemar.net\/podcast\/wp-content\/uploads\/2019\/08\/VIDA-DE-JESUCRISTO.pdf\"><img data-recalc-dims=\"1\" decoding=\"async\" src=\"https:\/\/i0.wp.com\/codemar.net\/podcast\/wp-content\/uploads\/2019\/10\/4.Vida-de-Jesucristo.png?resize=225%2C220&#038;ssl=1\" alt=\"\" class=\"wp-image-2852\" width=\"225\" height=\"220\" srcset=\"https:\/\/i0.wp.com\/codemar.net\/podcast\/wp-content\/uploads\/2019\/10\/4.Vida-de-Jesucristo.png?resize=50%2C50&amp;ssl=1 50w, https:\/\/i0.wp.com\/codemar.net\/podcast\/wp-content\/uploads\/2019\/10\/4.Vida-de-Jesucristo.png?zoom=2&amp;resize=225%2C220&amp;ssl=1 450w, https:\/\/i0.wp.com\/codemar.net\/podcast\/wp-content\/uploads\/2019\/10\/4.Vida-de-Jesucristo.png?zoom=3&amp;resize=225%2C220&amp;ssl=1 675w\" sizes=\"(max-width: 225px) 100vw, 225px\" \/><\/a><\/figure><\/div>\n\n\n\n<div class=\"wp-block-file aligncenter\"><a href=\"https:\/\/codemar.net\/podcast\/wp-content\/uploads\/2019\/08\/VIDA-DE-JESUCRISTO.pdf\" class=\"wp-block-file__button\" download>Descargar PDF<\/a><\/div>\n\n\n\n<p><\/p>\n","protected":false},"excerpt":{"rendered":"<p>Esta VIDA DE JESUCRISTO, aunque con car\u00e1cter cient\u00edfico, pero popular, no es cr\u00edtica; no lleva ninguna cita, porque fue redactada solamente como<span class=\"more-button\"><a href=\"https:\/\/codemar.net\/podcast\/la-vida-de-jesucristo\/\" class=\"more-link\">Continuar lectura<span class=\"screen-reader-text\">Vida de Jesucristo<\/span><\/a><\/span><\/p>\n","protected":false},"author":2,"featured_media":2607,"parent":0,"menu_order":0,"comment_status":"closed","ping_status":"closed","template":"","meta":{"episode_type":"","audio_file":"","podmotor_file_id":"","podmotor_episode_id":"","cover_image":"","cover_image_id":"","duration":"","filesize":"","filesize_raw":"","date_recorded":"","explicit":"","block":"","itunes_episode_number":"","itunes_title":"","itunes_season_number":"","itunes_episode_type":"","jetpack_post_was_ever_published":false,"footnotes":""},"class_list":["post-2606","page","type-page","status-publish","has-post-thumbnail","hentry"],"jetpack_shortlink":"https:\/\/wp.me\/P4bNxE-G2","jetpack_sharing_enabled":true,"_links":{"self":[{"href":"https:\/\/codemar.net\/podcast\/wp-json\/wp\/v2\/pages\/2606","targetHints":{"allow":["GET"]}}],"collection":[{"href":"https:\/\/codemar.net\/podcast\/wp-json\/wp\/v2\/pages"}],"about":[{"href":"https:\/\/codemar.net\/podcast\/wp-json\/wp\/v2\/types\/page"}],"author":[{"embeddable":true,"href":"https:\/\/codemar.net\/podcast\/wp-json\/wp\/v2\/users\/2"}],"replies":[{"embeddable":true,"href":"https:\/\/codemar.net\/podcast\/wp-json\/wp\/v2\/comments?post=2606"}],"version-history":[{"count":12,"href":"https:\/\/codemar.net\/podcast\/wp-json\/wp\/v2\/pages\/2606\/revisions"}],"predecessor-version":[{"id":2854,"href":"https:\/\/codemar.net\/podcast\/wp-json\/wp\/v2\/pages\/2606\/revisions\/2854"}],"wp:featuredmedia":[{"embeddable":true,"href":"https:\/\/codemar.net\/podcast\/wp-json\/wp\/v2\/media\/2607"}],"wp:attachment":[{"href":"https:\/\/codemar.net\/podcast\/wp-json\/wp\/v2\/media?parent=2606"}],"curies":[{"name":"wp","href":"https:\/\/api.w.org\/{rel}","templated":true}]}}