{"id":160,"date":"2013-12-23T23:00:29","date_gmt":"2013-12-24T05:00:29","guid":{"rendered":"http:\/\/codemar.net\/podcast\/?page_id=160"},"modified":"2013-12-23T23:13:13","modified_gmt":"2013-12-24T05:13:13","slug":"evangelio-de-la-navidad","status":"publish","type":"page","link":"https:\/\/codemar.net\/podcast\/evangelio-de-la-navidad\/","title":{"rendered":"Evangelio de la Navidad"},"content":{"rendered":"<p><strong>Evangelio seg\u00fan San Lucas 2, 1-20.<\/strong><\/p>\n<p>Apareci\u00f3 un decreto del emperador Augusto, ordenando que se realizara un censo en todo el mundo. Este primer censo tuvo lugar cuando Quirino gobernaba la Siria. y cada uno iba a inscribirse a su ciudad de origen.<\/p>\n<p>Jos\u00e9, que pertenec\u00eda a la familia de David, sali\u00f3 de Nazaret, ciudad de Galilea, y se dirigi\u00f3 a Bel\u00e9n de Judea, la ciudad de David, para inscribirse con Mar\u00eda, su esposa, que estaba embarazada.<\/p>\n<p>Mientras se encontraban en Bel\u00e9n, le lleg\u00f3 el tiempo de ser madre; y Mar\u00eda dio a luz a su Hijo primog\u00e9nito, lo envolvi\u00f3 en pa\u00f1ales y lo acost\u00f3 en un pesebre, porque donde se alojaban no hab\u00eda lugar para ellos.. ,<\/p>\n<p>En esa regi\u00f3n acampaban unos pastores, que vigilaban por turno sus reba\u00f1os durante la noche. De pronto, se les apareci\u00f3 el \u00c1ngel del Se\u00f1or y la gloria del Se\u00f1or los envolvi\u00f3 con su luz. Ellos sintieron un gran temor, pero el \u00c1ngel les dijo: \u00abNo teman, porque les traigo una buena noticia, una gran alegr\u00eda para todo el pueblo: Hoy, en la ciudad de David, les ha nacido un Salvador, que es el Mes\u00edas, el Se\u00f1or. Y esto les servir\u00e1 de se\u00f1al: encontrar\u00e1n a un ni\u00f1o reci\u00e9n nacido envuelto en pa\u00f1ales y acostado en un pesebre\u00bb. Y junto con el \u00c1ngel, apareci\u00f3 de pronto una multitud del ej\u00e9rcito celestial, que alababa a Dios, diciendo:<\/p>\n<p>\u00ab\u00a1Gloria a Dios en las alturas,<br \/>\ny en la tierra paz a los hombres amados por \u00c9l!\u00bb<\/p>\n<p>Y sucedi\u00f3 que cuando los \u00e1ngeles, dej\u00e1ndoles, se fueron al cielo, los pastores se dec\u00edan unos a otros:<\/p>\n<p>\u00abVayamos, pues, hasta Bel\u00e9n y veamos lo que ha sucedido y el Se\u00f1or nos ha manifestado.\u00bb<\/p>\n<p>Y fueron a toda prisa, y encontraron a Mar\u00eda y a Jos\u00e9, y al ni\u00f1o acostado en el pesebre. Al verlo, dieron a conocer lo que les hab\u00edan dicho acerca de aquel ni\u00f1o; y todos los que lo oyeron se maravillaban de lo que los pastores les dec\u00edan. Mar\u00eda, por su parte, guardaba todas estas cosas, y las meditaba en su coraz\u00f3n. Los pastores se volvieron glorificando y alabando a Dios por todo lo que hab\u00edan o\u00eddo y visto, conforme a lo que se les hab\u00eda dicho.<\/p>\n<p>&nbsp;<\/p>\n<p><b>Palabra del Se\u00f1or.<\/b><\/p>\n","protected":false},"excerpt":{"rendered":"<p>Evangelio seg\u00fan San Lucas 2, 1-20. Apareci\u00f3 un decreto del emperador Augusto, ordenando que se realizara un censo en todo el mundo.<span class=\"more-button\"><a href=\"https:\/\/codemar.net\/podcast\/evangelio-de-la-navidad\/\" class=\"more-link\">Continuar lectura<span class=\"screen-reader-text\">Evangelio de la Navidad<\/span><\/a><\/span><\/p>\n","protected":false},"author":1,"featured_media":0,"parent":0,"menu_order":0,"comment_status":"open","ping_status":"closed","template":"","meta":{"episode_type":"","audio_file":"","podmotor_file_id":"","podmotor_episode_id":"","cover_image":"","cover_image_id":"","duration":"","filesize":"","filesize_raw":"","date_recorded":"","explicit":"","block":"","itunes_episode_number":"","itunes_title":"","itunes_season_number":"","itunes_episode_type":"","jetpack_post_was_ever_published":false,"footnotes":""},"class_list":["post-160","page","type-page","status-publish","hentry"],"jetpack_shortlink":"https:\/\/wp.me\/P4bNxE-2A","jetpack_sharing_enabled":true,"_links":{"self":[{"href":"https:\/\/codemar.net\/podcast\/wp-json\/wp\/v2\/pages\/160","targetHints":{"allow":["GET"]}}],"collection":[{"href":"https:\/\/codemar.net\/podcast\/wp-json\/wp\/v2\/pages"}],"about":[{"href":"https:\/\/codemar.net\/podcast\/wp-json\/wp\/v2\/types\/page"}],"author":[{"embeddable":true,"href":"https:\/\/codemar.net\/podcast\/wp-json\/wp\/v2\/users\/1"}],"replies":[{"embeddable":true,"href":"https:\/\/codemar.net\/podcast\/wp-json\/wp\/v2\/comments?post=160"}],"version-history":[{"count":3,"href":"https:\/\/codemar.net\/podcast\/wp-json\/wp\/v2\/pages\/160\/revisions"}],"predecessor-version":[{"id":165,"href":"https:\/\/codemar.net\/podcast\/wp-json\/wp\/v2\/pages\/160\/revisions\/165"}],"wp:attachment":[{"href":"https:\/\/codemar.net\/podcast\/wp-json\/wp\/v2\/media?parent=160"}],"curies":[{"name":"wp","href":"https:\/\/api.w.org\/{rel}","templated":true}]}}